e k(3). Let g = u + 53. Let t be 5*(-1 + 86/10). Calculate the highest common divisor of t and g.
19
Let y be -1 - -3*(-1)/(-1). Calculate the greatest common divisor of 3 and y.
1
Suppose 2*o + f = 240, -8 = -o - f + 111. Suppose -o = -4*x + 47. What is the greatest common divisor of x and 14?
14
Let y be (-9 - 1) + -2 - 2. Let r = 24 - y. Calculate the greatest common divisor of r and 19.
19
Let v = 22 - 20. Calculate the highest common divisor of v and 2.
2
Let t(r) = r**2 - 12*r + 16. Let s be t(11). Suppose 3*v - 22 = q - 68, -2*v - 4 = 0. Calculate the highest common factor of q and s.
5
Let v be (0 - (-15 - 3))*1. Suppose 4*a + 4*f = 12, 2*f - v = -7*a + 2*a. Suppose 13 + 27 = a*t. What is the highest common divisor of t and 20?
10
Let s(f) = 5*f - 32. Let p be s(10). Let a(w) = w**2 - 4*w - 5. Let x be a(-4). Calculate the highest common divisor of p and x.
9
Let r(f) = f + 7. Let q be r(-3). Suppose -2*d = 2*d + u - 251, 0 = -q*u + 12. Suppose 0 = -4*m + 58 + d. What is the greatest common factor of m and 12?
6
Suppose 0 = b + 4*b. Let n be (-44)/5*(b + -5). What is the greatest common factor of n and 110?
22
Suppose -8*b = 20 - 228. What is the greatest common factor of 286 and b?
26
Let v(i) = i**3 + 2*i**2 - i - 3. Let m be v(2). Suppose -5*o = -o - 396. Calculate the highest common divisor of o and m.
11
Let f be (-256)/(-8) + 4*1. Calculate the highest common factor of 126 and f.
18
Let h(m) = 2*m**3 - 1 - 3*m**3 + 0*m**3 - 3*m**2. Let s be h(-3). Let k be ((-3)/(-6))/(s/(-20)). What is the highest common factor of 20 and k?
10
Let g be (-21 - -1)*(5/(-10))/1. Calculate the greatest common factor of g and 20.
10
Let z(w) = w**3 - 10*w**2 + 7*w + 30. Let t be z(9). Calculate the greatest common factor of 108 and t.
12
Let p = 2 + 3. Suppose 2*h - p*h + 45 = 0. What is the greatest common divisor of h and 75?
15
Let u be (-5)/((-5)/(-3)) + 2. Let s = u - -4. Calculate the highest common divisor of s and 3.
3
Let o = -110 + 160. What is the highest common divisor of 10 and o?
10
Let r(l) be the second derivative of -l**3/6 + 2*l**2 + 2*l. Let x be r(6). Let m be 12/(-5)*15/x. What is the highest common divisor of m and 9?
9
Suppose -70 = -11*z + 9*z. Calculate the highest common factor of 35 and z.
35
Let y be (1*60/(-9))/(1/(-3)). What is the greatest common divisor of 100 and y?
20
Suppose -5*q + 0*d = 3*d - 121, -d = -4*q + 90. Calculate the greatest common divisor of q and 23.
23
Let t(v) = v. Let q be t(3). Let r be (-612)/(-27) + (-2)/q. Suppose -5*p + 1216 = 2*y + y, -3*p + 730 = 2*y. Calculate the greatest common divisor of p and r.
22
Suppose 8*v = 3*v - 50. Let b be (-3)/15 - 402/v. Calculate the greatest common factor of b and 5.
5
Suppose -2*j + 34 = 3*w - j, -4*w = -5*j - 58. Let i = w + -18. Let g be (-16)/i + 2/6. Calculate the highest common factor of g and 21.
3
Let d(j) = j**2 - j + 4. Suppose 3*t - 3 = -24. Let o be d(t). What is the highest common factor of 15 and o?
15
Let u be 1/2 - 559/(-26). Calculate the greatest common divisor of 44 and u.
22
Let y be 68/12 + 1/3. Calculate the highest common factor of y and 18.
6
Suppose 3*k - 48 = -5*u, -4*k + 2*k + 16 = -2*u. Calculate the greatest common factor of 55 and k.
11
Let g(q) = -q**3 - 9*q**2 - 2*q + 4. Let f be g(-9). Let v be (-399)/(-12) - (-2)/(-8). Suppose v = -0*p + 3*p. What is the greatest common factor of p and f?
11
Let s = 77 + -67. What is the greatest common factor of s and 90?
10
Suppose -1 - 14 = -3*t. Let i = -114 + t. Let w = 153 + i. What is the highest common factor of w and 11?
11
Let j be (-2 - 1) + (0 + 5)*9. Let o = 71 - 48. Suppose o = w + 9. Calculate the highest common factor of w and j.
14
Let j be 4/(-24) - 55/(-6). Suppose o = 7 + j. Let v be 4/14 - 26/(-7). Calculate the greatest common divisor of v and o.
4
Let i = 47 + 52. Calculate the highest common factor of i and 9.
9
Suppose -v + 29 = 2*b, 0 - 5 = v. What is the highest common divisor of b and 34?
17
Let c = -16 + 32. What is the greatest common factor of 8 and c?
8
Let u be (-154)/(-8) - 1/4. What is the greatest common factor of 38 and u?
19
Let y = 92 - 52. Let o be ((-15)/4)/((-10)/y). Calculate the greatest common factor of 105 and o.
15
Let f(i) = 2*i**2 + 2*i. Let s(w) = 6*w**2 + 5*w. Let k(y) = -11*f(y) + 4*s(y). Let q be k(-5). Calculate the greatest common factor of 12 and q.
12
Let j(f) = 4*f**2 + 3*f - 2. Let d be j(2). Suppose 11*u = 8*u + 6. What is the greatest common factor of d and u?
2
Let l = -57 + 267. Calculate the greatest common divisor of 30 and l.
30
Suppose -5*t = 2*z + 211 - 1041, z + 5 = 0. Suppose 4*d + 8*a - 146 = 3*a, t = 5*d - a. Calculate the highest common divisor of 51 and d.
17
Let p = 59 + -24. What is the greatest common factor of 35 and p?
35
Let m(l) = -l**2 + l. Let b be m(2). Let u(n) = -13*n**3 + 2*n - 2. Let i be u(1). Let y be i*(-2 + (-1 - b)). What is the greatest common factor of y and 13?
13
Let z(l) = l + 33. Let b be z(-16). Calculate the highest common divisor of 119 and b.
17
Suppose 4*h = -4*b + 1424, -4*b + 26 - 357 = -h. Suppose 5*u = 2*u + h. Calculate the highest common divisor of 13 and u.
13
Let o be (-1)/(-7)*2 - 225/(-21). What is the greatest common divisor of 33 and o?
11
Suppose 9 + 0 = 3*n. Suppose g = 5*g - 36. Let j = g - n. What is the greatest common factor of j and 6?
6
Let v = 1 + -1. Let w be (v/(-2))/((-2)/1). Let f be 8 + 0 + w + -1. Calculate the greatest common divisor of f and 63.
7
Let l(o) = 2*o + o**2 - 2 + 2 + 1. Let i = -5 + 1. Let q be l(i). What is the greatest common factor of q and 72?
9
Suppose 3*d - 17 = 2*v + 30, 0 = 5*v - 4*d + 121. Let o = v - -55. Calculate the highest common divisor of o and 10.
10
Let b be 1 + -12*(-2 + 1). Suppose -5*l + 9 = n, -2*n - 3*n + 4*l - b = 0. Let p be (-26)/(-2) + n + 0. Calculate the highest common divisor of p and 30.
6
Let b(f) = 18*f**2 + 2*f + 1. Let s be b(2). Let a be (-1)/(-2) - (-21)/2. Calculate the greatest common divisor of s and a.
11
Suppose q = 5 - 1. Suppose 4*v = 16 + q. Calculate the highest common factor of 2 and v.
1
Let z = 76 - 74. Let b be (-1)/(-2) - 9/(-2). What is the greatest common divisor of b and z?
1
Suppose 0 = -4*n + 5*n - 60. What is the highest common factor of 40 and n?
20
Let x(s) = -2*s + 32. Let f be x(9). What is the greatest common factor of 21 and f?
7
Suppose 0 = -3*z - 2*l + 215, -3*z + l + 230 = -0*l. What is the highest common factor of 15 and z?
15
Suppose 18*z - 24 = 16*z. Calculate the highest common divisor of z and 84.
12
Let r be -1 - (-7 - (-3 + 2)). Let p = 0 - 0. Suppose -a + p*a - r = 0, -3*i - 4*a = -40. What is the greatest common factor of i and 30?
10
Let u(g) = g**3 - 4*g**2 - 6*g + 9. Let q be u(6). Let v(t) = -t**2 - 4*t + 1. Let n be v(-3). Let m = n - -11. Calculate the greatest common factor of m and q.
15
Let j(k) = 18*k**2 - k - 3. Let g be j(-3). What is the highest common factor of 18 and g?
18
Let s(n) = -n**2 + 5*n - 1. Let p be s(4). Suppose -5*j = 2*t + 3*t - 15, -15 = -p*j + 3*t. Calculate the highest common factor of j and 1.
1
Suppose 0 = -a - 3 + 9. Suppose -h - 4*l - 2 = 0, 0*l + 9 = 3*h - 3*l. What is the highest common divisor of h and a?
2
Let h(z) = 5*z**2 - z + 4. Let g be h(-4). Suppose 4*l - 48 = -7*y + 3*y, -2*l - 16 = -3*y. What is the greatest common divisor of y and g?
8
Suppose 0 = -3*i - 2*n - 6, 0 = -5*i - 2*n - 14. Let y(k) = k + 5. Let m be y(i). Calculate the greatest common divisor of 3 and m.
1
Let b(t) = -2 + 2 + t + 3 + 2*t. Let q be b(4). What is the highest common factor of 15 and q?
15
Let s = 1 + 47. Calculate the highest common factor of s and 16.
16
Let k = -24 - -28. Suppose -2*y = 5*u - 50, -3*u - 108 = -5*y - 7*u. Suppose 3*n - y = n. What is the highest common divisor of k and n?
2
Let v be 3*(26/3 + 2). Suppose 4*a - 2*d = 3*a + v, 4*d + 42 = a. What is the highest common divisor of a and 55?
11
Let m be (-923)/(-78) - 2/(-12). Calculate the highest common divisor of 8 and m.
4
Suppose 2*b = -3*p - 2, -15 = -5*b + 3*p + 1. What is the greatest common divisor of 2 and b?
2
Let i(n) = 21*n - 19. Let y be i(2). Calculate the highest common divisor of y and 69.
23
Suppose -5*u + 20 = 0, -3*v = -5*u - 73 - 27. What is the greatest common facto